). Let t be (-83)/1 + -3 + 6. Let x = z - t. What are the prime factors of x?
29
Let u(m) = -m**3 + m**2 + 294. Let v be u(0). Let w = v - 99. Let t = w - 81. What are the prime factors of t?
2, 3, 19
Let m(l) = l**2 - l + 73. Let x be m(0). Let j = x + -71. Suppose n = -j*n - 3*i + 222, -76 = -n - 3*i. List the prime factors of n.
73
List the prime factors of 13114 - (-20)/1*22/55.
2, 3
Let p(o) be the second derivative of -o**5/20 + 2*o**4/3 - o**3/3 + 14*o**2 + 3*o + 2. List the prime factors of p(7).
3, 7
Let n = 9731 - 5534. What are the prime factors of n?
3, 1399
Suppose -71 + 394 = k. Let w = k + 883. What are the prime factors of w?
2, 3, 67
Suppose -22*b = -29*b + 257097 - 80739. List the prime factors of b.
2, 3, 13, 17, 19
Let w(s) = -39*s + 54. Let d be w(1). Let b(k) = -k**3 + 14*k**2 + 31*k - 65. What are the prime factors of b(d)?
5, 7
Let r(w) = 8*w**2 - 32*w - 106. What are the prime factors of r(56)?
2, 3, 5, 773
Let d(q) = 18*q**2 - 8*q - 19. Let w(s) = -16*s**2 + 7*s + 21. Let r(y) = -3*d(y) - 4*w(y). What are the prime factors of r(-8)?
3, 5, 43
Let k be (-4)/36 - 1086/(-54). Let b(h) = 4*h + 0*h + 0*h. List the prime factors of b(k).
2, 5
Suppose -4*b + 110 + 90 = 2*k, 0 = -4*k + 2*b + 390. What are the prime factors of 2/(-1) + 27 + k?
3, 41
Suppose 2*n + 1014 = 2666. Let c(t) = -n*t + 423*t + 414*t + 66. List the prime factors of c(16).
2, 11
Suppose 290068 + 502727 = 17*l. List the prime factors of l.
3, 5, 3109
Let o = -376 + 220. What are the prime factors of 3/(o/(-8)) + (-10994)/(-26)?
3, 47
Let a = -489 - -493. Let u(d) = 11*d + 71. What are the prime factors of u(a)?
5, 23
Let v be (-53 - -1)*82/(-8). Suppose 3*s - 1138 = v. What are the prime factors of s?
557
Let m = -371 + 984. Let x = 916 - m. What are the prime factors of x?
3, 101
Suppose -3*c + 5 = -5*x, 0 = -2*c - 3*x + 11 + 5. Suppose -c*n = -3*n - 524. List the prime factors of n.
2, 131
Let y = 159 + 99. Suppose 5*q + 323 + 5 = g, -4*q + 3*g - y = 0. Let l = q + 142. What are the prime factors of l?
2, 19
Suppose -2*h + 4*s - 21276 = -115200, -5*s - 187875 = -4*h. What are the prime factors of h?
2, 3, 5, 29
What are the prime factors of 15864/2 + -12 + (-297)/(-11) + -18?
3, 881
Let p = 54 + -67. Let s(i) = -i**2 - 45*i - 12. List the prime factors of s(p).
2, 101
Let p be -2 + 225 - 4/2. Suppose 2*c + 5*k - p = 0, 3*c - k - 462 = -156. List the prime factors of c.
103
Let r(l) = 2*l**2 + 6*l + 6. Suppose 3*h + 3 = -6. Let m be r(h). Suppose -4 = -8*t + m*t. What are the prime factors of t?
2
Let z be (12*1)/(15434/(-1544) - -10). Suppose 7*r - 5*r + 4*q - z = 0, 0 = 5*r + q - 7729. What are the prime factors of r?
2, 773
Let h(x) be the second derivative of x**5/60 + 7*x**4/6 - 16*x**3/3 + 35*x. Let k(i) be the second derivative of h(i). List the prime factors of k(-6).
2
Let z(v) = 4*v**2 + 5*v - 6. Let k be z(-5). Suppose -51 = 8*b + k. Let l = b - -81. What are the prime factors of l?
2, 3, 11
Let d(s) = -161*s**2 + 1253*s + 5. List the prime factors of d(6).
11, 157
Let f(r) = -2*r**3 + 61*r**2 - 32*r + 59. Let y be f(30). What are the prime factors of y*(11/66 + 6235/(-6))?
1039
Suppose 95*l - 1367550 - 32085 = 0. List the prime factors of l.
3, 1637
Let y be 10 - -2 - (22 + -21). Suppose q + 973 = 3*s + y, 4*s = 2*q + 1282. List the prime factors of s.
3, 107
Let y(f) = -3*f**2 - 44*f + 25. Let v be y(-17). Let o = -92 - v. Suppose o*n + 404 = 4*r, -n - 3*n - 505 = -5*r. What are the prime factors of r?
101
Let v(h) = h**3 - 32*h**2 - 40*h + 157. List the prime factors of v(36).
47, 83
Let f = -464 - -467. Let v(h) = 31*h - h + 10 + 4. What are the prime factors of v(f)?
2, 13
Suppose -14*a + 7937 + 2353 = 0. Suppose 51*y - 4407 + a = 0. What are the prime factors of y?
2, 3
Let d(q) = q**3 + 4*q**2 - 9*q + 1. Let u be d(-6). Let y = u + 175. List the prime factors of y.
2, 79
Let j = 6720 + -4272. What are the prime factors of j?
2, 3, 17
Let x = 31 - 28. Suppose -x*f - i + 147 = 0, -2*f - 4*i + 84 = -8*i. Let b = f + 5. What are the prime factors of b?
53
Let w be 12 + -15 + (0 - -6). Suppose -w*y + 292 = 5*o, y - 4*o = -2*y + 301. Let g = y + -51. List the prime factors of g.
2, 3
Let a(f) = -f**3 - 15*f**2 - 15*f - 14. Let z be a(-14). Suppose z = 13*w - 18*w + 2590. Suppose -w = 46*x - 48*x. What are the prime factors of x?
7, 37
Let d be (-1)/(2/(-42)*3). Suppose -d = v - 27. Let j = -1 + v. List the prime factors of j.
19
Suppose 3*s + 5*p - 785 = 1543, -p - 3 = 0. Let g = -557 + s. What are the prime factors of g?
2, 7
Suppose -1435442 = -156*b + 27*b - 42242. What are the prime factors of b?
2, 3, 5
Suppose -36*v + 79*v = 53406. List the prime factors of v.
2, 3, 23
Suppose 2*i - 28846 = -4*b - 7078, 3*i = 5*b + 32586. What are the prime factors of i?
2, 3, 151
Let w be (3*(-3)/(-9))/(13/2470). Suppose -j = 33 + 99. Let r = j + w. What are the prime factors of r?
2, 29
Let u(x) = 4*x**2 + 73*x + 21. Let z be u(-18). List the prime factors of 122/(-1 + z) - (4 - -2).
5, 11
Suppose 311*c - 7739099 + 955878 = 0. What are the prime factors of c?
17, 1283
Let f be -2*(7 + -3 + -6). Let z(u) = 6 - f + 3*u + 4*u**2 - 4. What are the prime factors of z(-4)?
2, 5
Let m be 66/(-12)*(-2)/4*4. List the prime factors of 2 - m/5 - (-645021)/555.
2, 7, 83
Suppose 0*q - 2*a - 198 = -2*q, 4*q - 378 = -2*a. Let z = 186 - q. Let w = z - 14. What are the prime factors of w?
2, 19
Let a(o) = 5*o + 41. Suppose 3*s = -6*s - 54. Let q be a(s). Suppose q*c - 16*c = -890. List the prime factors of c.
2, 89
Let h(f) = -f**3 + 57*f**2 + 345*f + 26. List the prime factors of h(62).
2, 3, 61
Suppose 4*y - 65 = 2*o - 3*o, -2*y + 35 = 3*o. Let p = -6 - y. Let s = p - -30. What are the prime factors of s?
2
Let o(v) = -14*v**2 + 3*v. Let m be o(-7). Let i = 34 - m. Suppose -i = -2*q - q. List the prime factors of q.
13, 19
Suppose 116*x = 121*x - 2380. Let j = x - 155. What are the prime factors of j?
3, 107
Suppose -699 = -k - 305. Suppose x + 2*g - 101 = 0, 5*x = g + k + 122. List the prime factors of x.
103
Let w be (-51)/(-85) + 6/(-10). Let c(z) = 13*z**2 - z**3 - z - 7*z + 28 + 3*z + w*z**2. List the prime factors of c(12).
2, 7
Let z be -15*(-4)/12 - 11. Let y(g) = -8*g + 9. Let f(b) = -40*b + 44. Let w(r) = -3*f(r) + 16*y(r). List the prime factors of w(z).
2, 3, 5
Let d = 2856 - -4423. What are the prime factors of d?
29, 251
Let o = 20 - 17. Suppose -3 = -5*x - o. Suppose -4*z - 8 - 40 = -b, -3*b + 4*z + 120 = x. List the prime factors of b.
2, 3
Suppose -651*n = -662*n + 44242. What are the prime factors of n?
2, 2011
Suppose -105 = -4*v + 179. Let r = v - 76. Let b = r - -84. List the prime factors of b.
79
Let u(m) = 3*m**2 + 9*m + 3. Let b(l) = -l**2 + 8*l - 28. Let a(p) = -p + 1. Let n(k) = -2*a(k) + b(k). Let f be n(6). List the prime factors of u(f).
3, 19
Suppose 4*w = 5 - 1, -4*q = -3*w + 16123. List the prime factors of q/(-12) - (-16)/96.
2, 3, 7
Suppose -4*w + 760 = -2*i, -2*i - 1152 = i - 2*w. Let f = i - -698. What are the prime factors of f?
2, 3, 13
List the prime factors of (-639)/6*-68 - 0.
2, 3, 17, 71
Suppose 6*i - 588 = -2*t + 4*i, -5*t - 3*i = -1480. Let o = t - -307. What are the prime factors of o?
2, 3, 101
Suppose f - 1 = 1. Let t be 3 - (1 - f) - -110. What are the prime factors of (t/4)/((-11)/(-44))?
2, 3, 19
Let m = 7802 - 5083. List the prime factors of m.
2719
Suppose -4*f - 7 - 21 = 0. Let y = 8 + f. What are the prime factors of ((6/(-8))/y)/((-1)/20)?
3, 5
Let j(x) = 326*x**2 - x + 12. Let f be j(3). Suppose 42 = -3*q + f. List the prime factors of q.
967
Let g be -3 + 80/(-12) - 2/(-3). Let x(l) = 6*l**2 + 39*l - 6. List the prime factors of x(g).
3, 43
Let q(s) be the second derivative of 4*s**3/3 + s**2 - 19*s. Let h be q(-1). What are the prime factors of (h + -1)/((-1)/4)?
2, 7
Let z(j) = -j**2 - 44*j - 57. Let y be (4/(-2))/(-4) + (-156)/8. List the prime factors of z(y).
2, 11, 19
Let v be 264/(-64) - 2/(-16). What are the prime factors of 1*694/v*-2?
347
Let w = -21 + 9. Let k(h) = h**3 + 11*h**2 + 16*h - 25. Let b(f) = -3*f**3 - 31*f**2 - 49*f + 74. Let v(y) = 2*b(y) + 7*k(y). List the prime factors of v(w).
3, 79
Suppose 4*q = 4*z + 447 + 293, -175 = -q - z. Let o be 8/(-6)*q/(-48). Suppose l = -0*s - 2*s - 